4).
2, 11
Let j = 11 + -7. Suppose -j*h = -7*h. List the prime factors of h + 6*(-6)/(-4).
3
Suppose -4*g - 8 = -6*g + 4*m, 3*g + 3*m = -33. List the prime factors of ((-32)/12)/(g/423 - 0).
2, 47
Let l = 447 + -303. List the prime factors of l.
2, 3
Let w(o) = -25*o**3 + 3*o**2 - 1. Let s be w(2). Let z be (s/12)/(3/(-36)). Let n = z - 124. List the prime factors of n.
5, 13
Let i(j) = j**3 + 5*j**2 - 8*j - 2. Let x be i(-6). Suppose -x*s - 177 = -11*s. What are the prime factors of s?
3, 59
Let l = 1642 - 375. List the prime factors of l.
7, 181
What are the prime factors of 100250/90 + 1/(9/1)?
2, 557
Let t(d) = 9*d. Let w be t(-1). Let p be (-14)/21*w/2. Suppose 77 = p*q - 76. What are the prime factors of q?
3, 17
Suppose -22*d + 11*d = -77. Suppose 6*t + d*t - 715 = 0. List the prime factors of t.
5, 11
Let z = -33 - 10. Let b = 116 + z. Suppose -3*q - 2*s = -0*q - 41, -5*q + b = s. What are the prime factors of q?
3, 5
Let r(a) = 4*a - 22. Let i be r(6). Let t(b) = i - 4 + 5*b**3 + 2*b - 6*b - 7*b**3 - b**2. What are the prime factors of t(-3)?
5, 11
Let b = 20 - 17. Suppose -b*p - 2*y = -0*y - 176, 2*y - 116 = -2*p. What are the prime factors of p?
2, 3, 5
Let b(j) = -j**2 + 3*j. Let l be b(5). Let m be 31 - 3/(6/2). What are the prime factors of (-642)/l - 6/m?
2
Suppose 3*q - 57 = 6*q. Let o be q + (-4)/(-4)*-1. Let b = -8 - o. List the prime factors of b.
2, 3
Suppose -8*v = -12843 + 11491. List the prime factors of v.
13
Let o(g) be the first derivative of g**5/30 + 3*g**4/8 + 3*g**3/2 - 2*g**2 - 1. Let p(a) be the second derivative of o(a). List the prime factors of p(-6).
3
Let w = -9 + -5. Let i = -14 + w. What are the prime factors of ((-72)/i)/((-1)/(-7))?
2, 3
Suppose 0 = 18*s - 86803 + 7279. List the prime factors of s.
2, 47
Suppose u + 3*p = 623 - 67, -3*p + 2804 = 5*u. What are the prime factors of u?
2, 281
Let o(w) = 190*w + 16. List the prime factors of o(1).
2, 103
Let a = -12 - -36. Let h = 37 - a. List the prime factors of h.
13
Let s(a) = -51*a + 1404. List the prime factors of s(0).
2, 3, 13
Let q = 23 + -21. Suppose -4*p + 81 = -d + 6*d, -q*p + 4*d = -8. Suppose -p - 12 = -k. What are the prime factors of k?
2, 13
Let j be (-27)/(-6)*(-1)/(15/(-10)). What are the prime factors of j*6/81 - 302/(-18)?
17
Let j(y) = 540*y**2 + 6*y - 24. What are the prime factors of j(3)?
2, 3, 809
Let n = 1126 - 242. List the prime factors of n/6 + 12/18.
2, 37
Suppose -13*w + 1253 = -6*w. List the prime factors of w.
179
What are the prime factors of 9/(-6)*20/6 + 570?
5, 113
Let t(k) = -k**2 - 11*k - 13. Suppose -2*p - 23 + 7 = 0. Let i be t(p). Suppose -156 = -i*n + 8*n. List the prime factors of n.
2, 13
Let j = -28 + 26. Let y be j/(-7) - 481348/(-98). What are the prime factors of y/80 - 6/(-10)?
2, 31
Let x(l) = -l**2 - 23*l + 28. List the prime factors of x(-12).
2, 5
Suppose -2*y + 64 = -86. List the prime factors of (y/30)/(1*2/24).
2, 3, 5
Let m(n) = 30*n**2 - n - 4. Let g be m(-3). What are the prime factors of (-2 - (2 - 4)) + g?
269
Let p = -44 - -59. Suppose 42 - p = 3*y. What are the prime factors of y?
3
Let r(w) = -w**3 + 12*w**2 - w + 25. List the prime factors of r(9).
7, 37
Let y(o) = -18*o**3 - 5*o**2 - 3*o + 3. What are the prime factors of y(-3)?
3, 151
Suppose -3*z + z = -24. Suppose -5*o - 217 = -z*o. List the prime factors of o.
31
Suppose -5*n + n = -1120. Suppose -4*w - n = -4*o, 2*w - 25 = -3*w. Suppose 0 = 3*j - 6*j + o. What are the prime factors of j?
5
Suppose 842 = 2*c - 5*g, 0 = c + 4*g - 5*g - 424. What are the prime factors of c?
2, 3, 71
Let i be -9*(4/6 + -1). Let s(b) = 47*b**3 + 7*b**2 - 5*b - 1. Let p be s(1). Suppose -h = 5*o - p, 0 = 3*o + 3*h - i - 21. List the prime factors of o.
2, 5
Let d = 289 - 11. Let s = d - 184. List the prime factors of s.
2, 47
Let l = 22 + -15. Let t = -5 + l. Suppose 5*m - t*q = 297, 2*m - 63 = m + 4*q. What are the prime factors of m?
59
Let g be -1*-66*(-3)/6. Let w be 154/g*(-30)/4. Let v = -20 + w. List the prime factors of v.
3, 5
Let y(b) = -9*b**2 + 3*b**2 + 0*b**2 + 1. Let p be y(1). Let n = 9 + p. List the prime factors of n.
2
Let g = -20 - -20. Suppose -3*j + 534 - 162 = g. List the prime factors of j.
2, 31
Let j = -78 + 65. Let m(y) = -19*y - 61. List the prime factors of m(j).
2, 3, 31
Let d(h) = -h**2 - 12*h - 7. Suppose 23 = 5*j - 57. Suppose -5*z - 9 = j. List the prime factors of d(z).
2, 7
Let b be 96/160 - 6/10. Suppose 3*a + b*z + 2*z = 939, 5*z + 960 = 3*a. List the prime factors of a.
3, 5, 7
Let p be 51 + (1 - 10)/(-3). List the prime factors of p + 2 + -1 - -3.
2, 29
Let o = 8429 - 5114. What are the prime factors of o?
3, 5, 13, 17
Suppose -k = -4*a - 228, -6*a + a + 599 = 3*k. Suppose 5*f - 2*i - 379 = 664, 0 = f - i - k. List the prime factors of f.
11, 19
Suppose -18*i = -28*i + 9260. List the prime factors of i.
2, 463
Suppose 0 = -6*c + 21*c - 7620. Let z = c - 329. What are the prime factors of z?
179
Let q(j) = 7*j + 53. What are the prime factors of q(24)?
13, 17
Let s = 492 + 289. List the prime factors of s.
11, 71
Suppose 0 = 5*h + 3*d - 4261, h - 839 = -2*d - 3*d. Suppose -22 = -4*s + h. List the prime factors of s.
3, 73
Let l = 82 - 80. Let y(v) = 10*v**3 + 2*v**2 - 3*v. List the prime factors of y(l).
2, 41
Suppose -8*w + 4475 = -453. What are the prime factors of w?
2, 7, 11
Suppose -4*v - 5*p = 12, v - 6 + 0 = p. Suppose -49 = -v*y + 51. List the prime factors of y.
2, 5
Let a = 586 + -312. What are the prime factors of a?
2, 137
Suppose 13*o = -529 + 32860. What are the prime factors of o?
3, 829
Let r(q) = q - 6. Let f be r(6). Suppose u + f*n = 4*n + 17, -3*u = 5*n + 17. List the prime factors of 1 + 16 - (4 - u).
2, 7
Suppose -1081 = -4*v - 5*x, -5*v = -3*x - 1343 + 1. What are the prime factors of v?
269
Suppose 5*o = -160 + 60. Let n = 50 + o. What are the prime factors of 2 - (n/(-2) - -1)?
2
Suppose 879*a - 877*a = 1256. What are the prime factors of a?
2, 157
Let k(f) = f**2 + 8*f + 13. Let j be k(-7). Suppose 11*l + 629 = 3*n + j*l, -1085 = -5*n + l. What are the prime factors of n?
2, 109
Suppose 0*a - 16*a + 10848 = 0. What are the prime factors of a?
2, 3, 113
Let p = -663 - -1417. List the prime factors of p.
2, 13, 29
Suppose 384*t - 389*t = -3365. List the prime factors of t.
673
Let i be 0 - (1 + 24/(-3)). Let u be 2/i + 44/(-7). List the prime factors of (-70)/u + (-2)/(-6).
2, 3
Let x = 1 + 236. What are the prime factors of x?
3, 79
Let p(j) = j - 11. Let s be p(7). Let l be (-12)/16*s - 1. List the prime factors of 17 - (1 - l) - -2.
2, 5
Let p = 8689 + -5938. List the prime factors of p.
3, 7, 131
Let i(t) = -16*t - 64. Let d(y) = -15*y - 66. Let r(j) = -4*d(j) + 3*i(j). List the prime factors of r(-5).
2, 3
Let t(s) = 6*s**2 + 4*s - 6. Suppose -4*j - 7*l = -2*l - 2, -2*l + 4 = 0. What are the prime factors of t(j)?
2, 5
Suppose 2*m - 1660 = -k, -5*m + 8 - 33 = 0. What are the prime factors of k?
2, 5, 167
Let q = -22 + 23. Let j be (-2 - q)*(0 - 3). What are the prime factors of 459/(-6)*(-6)/j?
3, 17
Let s be (292/16)/(2/16). Let f = s + -69. What are the prime factors of f?
7, 11
Let j(h) = -4*h**2 - 2*h. Let y(w) = 3*w**2 + 2*w - 1. Let n(o) = -2*j(o) - 3*y(o). Let p be n(3). What are the prime factors of (p/(-10))/(6/165)?
3, 11
Let a = 607 + -166. What are the prime factors of a?
3, 7
Suppose 3 = 2*r + 4*u - 189, 0 = -5*r + 5*u + 555. Suppose -2*i + 65 - 217 = 0. Let s = r + i. List the prime factors of s.
2, 3, 5
Let f(g) = g**2 - 2*g**2 - 4*g - 9 + 12*g. Let m be f(6). Suppose s + 4*p = 2, m*p + p = -12. List the prime factors of s.
2, 7
Let p(g) = -170*g + 120. Let l(j) = 68*j - 48. Let m(q) = -12*l(q) - 5*p(q). What are the prime factors of m(4)?
2, 7
Let t be 532/12 + 1/(-3). Let r be (1 - 0)*t/11. Suppose -r*b + 126 = -6. What are the prime factors of b?
3, 11
Let g(o) be the second derivative of -o**3/2 + 6*o**2 + 20*o. What are the prime factors of g(-14)?
2, 3
Let i(c) = -c**2 - 26*c - 45. Let r be i(-24). Suppose -5*t - r*s + 71 = s, -s - 40 = -4*t. What are the prime factors of t?
11
Let k(s) = -s**3 - 5*s**2 - 8*s - 3. Let p be k(-5). Let r = -1 - p. Let x = r - -60. What are the prime factors of x?
2, 11
List the prime factors of (2196/15 - 5) + 6/10.
2, 71
Let b(o) = o*